 is i(-80)?
-235
Let n(o) = 59*o + 7657. What is n(-131)?
-72
Let n(h) = -21*h**2 + 135*h + 487. Give n(9).
1
Let v(a) = a**3 + 33*a**2 - 44*a - 313. What is v(-34)?
27
Let q(i) = 79*i**2 - 18*i - 34. What is q(-2)?
318
Let k(m) = -77922*m + 4129874. Calculate k(53).
8
Let w(d) = d**3 + 670*d**2 - 192477*d + 1780. Calculate w(-887).
6
Let v(p) = 87*p**2 - 2434*p - 78. Calculate v(28).
-22
Let k(q) = -q**2 - 14816*q + 445368. Give k(30).
-12
Let z(b) = 2*b**3 - 254*b**2 - 7*b + 874. Determine z(127).
-15
Let u(k) = k**2 + 2587*k + 281959. Determine u(-114).
37
Let l(v) = -v**2 - 105*v + 8996. Calculate l(-171).
-2290
Let q(x) = 5036*x**2 - 110796*x + 92. What is q(22)?
4
Let i(j) = -509*j + 26459. What is i(52)?
-9
Let v(u) = 133*u**3 + 189662*u**2 + 5703*u - 1421. Give v(-1426).
5
Let t(y) = -28505*y**2 + 342063*y - 35. Determine t(12).
1
Let o(k) = 2*k**3 - 346*k**2 + 346*k - 323. Give o(172).
21
Let j(n) = -20*n**2 + 170*n - 167. What is j(7)?
43
Let s(b) = b**2 - 2296*b + 110082. Give s(49).
-21
Let l(h) = 239*h**3 + 94660*h**2 + 6333*h - 1174. What is l(-396)?
14
Let a(d) = -21446*d + 814918. What is a(38)?
-30
Let h(q) = 1139*q + 599152. What is h(-526)?
38
Let s(v) = -912*v - 11128. Give s(-12).
-184
Let a(f) = 7262*f - 86068. Give a(12).
1076
Let b(h) = -h**3 - 46*h**2 - 88*h - 1815. Give b(-45).
120
Let o(m) = 2*m**3 + 24*m**2 - 432*m + 112. Determine o(10).
192
Let s(q) = 12*q**3 - 167*q**2 - 55*q + 20. What is s(14)?
-554
Let n(d) = -2*d**2 - 27*d + 467950. Give n(477).
13
Let n(u) = 87*u**2 + 1607*u - 844. Determine n(-19).
30
Let n(l) = -2051*l - 80013. Determine n(-39).
-24
Let n(b) = 2*b**2 - 1477*b - 299182. What is n(904)?
42
Let s(o) = -o**2 - 2281*o - 291751. Give s(-136).
-31
Let y(t) = 2*t**3 + 78*t**2 - 6827*t + 887. Calculate y(42).
-79
Let w(m) = -318*m + 20676. What is w(66)?
-312
Let g(v) = 6*v**2 + 1019*v - 356. Determine g(-170).
-186
Let u(i) = i**3 + 242*i**2 + 5030*i - 1499. Calculate u(-219).
34
Let t(f) = -f**3 + 1271*f**2 + 6360*f + 8. Give t(-5).
108
Let f(j) = 156794*j + 20540024. Give f(-131).
10
Let x(n) = 87*n**2 + 4042*n + 12111. Give x(-3).
768
Let t(i) = -3*i**2 - 1443*i + 8780. Determine t(6).
14
Let p(a) = -1171*a + 7841. Determine p(8).
-1527
Let z(p) = 3*p**2 - 609*p + 14704. Determine z(28).
4
Let l(x) = -2*x**3 + 193*x**2 - 3084*x + 8130. Calculate l(16).
2
Let x(y) = 19*y**2 - 14*y - 44. Calculate x(-3).
169
Let d(i) = -9281*i + 55522. Determine d(6).
-164
Let v(l) = l**3 - 6*l**2 + 358*l - 4141. Give v(10).
-161
Let g(k) = -57*k**2 + 977*k - 73. Determine g(17).
63
Let v(u) = -9*u**3 + 118*u**2 - 36*u + 163. Give v(12).
1171
Let x(m) = -277*m + 46548. Give x(168).
12
Let u(p) = -3593*p - 43262. Determine u(-12).
-146
Let a(q) = 507*q + 11013. Determine a(-20).
873
Let g(a) = 3*a**3 + 261*a**2 + 292*a + 2281. Calculate g(-86).
-643
Let g(c) = -3761032*c - 82742708. Give g(-22).
-4
Let d(m) = 3*m**3 + 66*m**2 + 1319*m + 35106. Give d(-24).
-6
Let q(m) = -m**3 + 20*m**2 - 75*m + 195. Calculate q(6).
249
Let z(q) = 2*q**3 + 59*q**2 - 636*q - 6. Give z(-38).
-386
Let z(q) = -2*q**3 + 14*q**2 + 209*q + 471. Calculate z(-8).
719
Let p(u) = -u**3 + 16*u**2 + 18*u - 472. Determine p(9).
257
Let h(t) = 2065*t + 9730. Calculate h(-5).
-595
Let v(l) = l**2 - 73154*l + 1170205. Give v(16).
-3
Let b(u) = 21*u**2 - 2828*u + 64430. Calculate b(29).
79
Let t(f) = 278*f**2 + 786*f - 134. What is t(-3)?
10
Let m(y) = -50*y**3 + 1299*y**2 + 28*y - 48. Calculate m(26).
4
Let z(x) = -3*x**2 + 250*x + 631. Calculate z(86).
-57
Let t(b) = 3201*b - 9619. Give t(3).
-16
Let y(k) = -1479*k + 1829. Calculate y(-2).
4787
Let k(a) = -1904*a + 34146. Give k(18).
-126
Let n(m) = -18*m**2 + 172*m - 427. What is n(4)?
-27
Let x(a) = -3654*a + 25901. Calculate x(7).
323
Let m(r) = -40*r**2 - 3912*r + 167436. Calculate m(-130).
-4
Let i(t) = -1687*t + 22139. Calculate i(14).
-1479
Let p(i) = -i**3 - 140*i**2 + 1173*i - 1784. What is p(-148)?
-156
Let k(n) = -2*n**3 + 796*n**2 - 17954*n + 753. Calculate k(374).
5
Let t(q) = 391*q + 69590. Calculate t(-178).
-8
Let q(u) = -2*u**2 - 132*u - 2. Give q(-65).
128
Let f(v) = v**3 + 14*v**2 - 10*v - 7. Give f(3).
116
Let v(i) = -345*i**3 - 3408*i**2 + 442*i + 212. Determine v(-10).
-8
Let f(n) = 12*n**2 - 834*n + 398. Give f(69).
-16
Let w(v) = -v**3 - 325*v**2 - 900*v + 21199. Calculate w(-322).
-53
Let x(j) = -4201*j + 9167. Determine x(2).
765
Let z(s) = s**3 + 7*s**2 + 20*s - 111. Determine z(-11).
-815
Let f(z) = 6*z**3 + 1015*z**2 - 846*z + 640. Give f(-170).
-40
Let z(i) = -i**3 + 30*i**2 + 117*i + 10. Give z(-4).
86
Let z(a) = 23*a**3 + 209*a**2 - 12*a + 24. What is z(-9)?
294
Let p(h) = -8467*h + 1109178. Give p(131).
1
Let o(a) = -a**3 - 907*a**2 - 1044*a - 124997. Calculate o(-906).
31
Let h(a) = -3685*a + 70002. Give h(19).
-13
Let y(f) = -2*f**2 + 596*f - 19536. Calculate y(261).
-222
Let n(g) = -18113*g + 163025. Give n(9).
8
Let v(p) = -146*p**2 + 128*p + 4. Give v(2).
-324
Let l(j) = 70*j**2 + 4053*j - 4541. Determine l(-59).
2
Let n(d) = -30014*d + 2221071. Calculate n(74).
35
Let w(k) = 465*k - 6329. Give w(16).
1111
Let r(k) = -k**3 - 47*k**2 - 288*k + 1189. Calculate r(-11).
1
Let h(r) = 5873*r - 1703167. Give h(290).
3
Let p(r) = 2*r**2 - 37*r - 189. Calculate p(35).
966
Let l(q) = -85*q**3 - 7*q**2 + 13*q - 1. Calculate l(-4).
5275
Let h(a) = 2064*a + 18224. Determine h(-9).
-352
Let j(f) = -f**2 - 12813*f + 64122. Determine j(5).
32
Let k(f) = -1203*f + 4211. Calculate k(4).
-601
Let d(f) = 16847*f + 33729. Determine d(-2).
35
Let o(y) = 22*y**2 + 490*y + 4237. What is o(-9)?
1609
Let w(x) = -6069*x**2 - 60663*x - 54. Determine w(-10).
-324
Let a(c) = c**3 + c**2 + 363*c + 2213. Determine a(-6).
-145
Let m(h) = 24*h**2 + 2285*h + 36087. Calculate m(-20).
-13
Let d(n) = -n**3 + 13*n**2 - 192*n + 3315. What is d(15)?
-15
Let v(r) = 4412*r + 30927. What is v(-7)?
43
Let g(i) = i**2 - 151*i - 3097. Calculate g(-18).
-55
Let i(q) = 10*q**3 - 9*q**2 - 31*q + 334. Calculate i(6).
1984
Let u(f) = -46*f - 1562. Calculate u(-44).
462
Let i(q) = -2061*q + 47405. Give i(23).
2
Let r(h) = -h**2 + 307505*h - 307501. Determine r(1).
3
Let d(p) = 39*p - 3825. Determine d(117).
738
Let k(j) = -1026*j - 8750. Give k(-8).
-542
Let q(l) = l**3 - 2*l**2 + 1342*l - 5387. Determine q(4).
13
Let p(y) = y**3 - 4596*y**2 - 101595*y + 11. Determine p(-22).
-11
Let a(s) = 4041*s**2 - 28065*s - 5. Give a(7).
1549
Let j(h) = -3*h**3 + 485*h**2 + 14817*h + 6581. Give j(188).
1
Let j(a) = 5*a**2 + 780*a - 77630. Determine j(69).
-5
Let s(o) = 41734*o + 4173412. Determine s(-100).
12
Let l(b) = b**3 - 153*b**2 + 1695*b + 12. Determine l(12).
48
Let n(i) = 411*i + 6588. What is n(-16)?
12
Let u(b) = 274*b - 2445. Give u(9).
21
Let g(y) = -6*y**3 + 550*y**2 + 1196*y - 42047. Give g(93).
-11
Let u(y) = -33333*y - 6999939. Calculate u(-210).
-9
Let l(s) = s**3 - 425*s**2 + 28672*s - 9550. Give l(341).
-2
Let t(b) = 2*b**2 - 11054*b + 10848554. What is t(1276)?
2
Let c(b) = -91*b**2 + 1519*b - 6324. Calculate c(8).
4
Let h(g) = -5127*g + 10472. Give h(2).
218
Let l(k) = 773*k - 12223. Give l(15).
-628
Let s(v) = -1045*v + 129588. Calculate s(124).
8
Let p(h) = -5*h**3 - 402*h**2 + 2018*h + 145. Give p(5).
-440
Let x(t) = -6*t**3 + 1071*t**2 + 2716*t - 639. Give x(181).
-458
Let h(j) = 15940*j + 589764. What is h(-37)?
-16
Let v(q) = -3*q**2 - 1638*q - 184681. Determine v(-387).
-82
Let l(o) = o**3 + 2096*o**2 - 50870*o - 223. Determine l(24).
17
Let n(k) = -130*k - 11253. Give n(-82).
-593
Let g(y) = -120*y**2 - 72*y - 2. Give g(-1).
-50
Let x(h) = 2*h**2 + 508*h + 29163. Determine x(-74).
2523
Let t(r) = r**2 - 17021*r + 136110. Give t(8).
6
Let h(y) = -503*y**3 - 591*y**2 + 589*y + 2. Calculate h(1).
-503
Let n(a) = -4*a**2 - 624*a + 22343. What is n(-186)?
23
Let j(s) = 6*s**2 + 195*s + 1421. Give j(-12).
-55
Let s(r) = -25936*r - 8. Determine s(0).
-8
Let q(n) = 2*n**3 - 62*n**2 + 488*n + 60. Give q(14).
228
Let k(z) = -135*z + 42984. Determine k(318).
54
Let w(h) = -11*h**3 - 287*h**2 - 748*h - 18776. What is w(-26)?
-4
Let f(i) = 5*i**2 + 548*i + 13814. Calculate f(-38).
210
Let j(t) = -1536*t**2 - 1447*t - 2. What is j(-1)?
-91
Let y(r) = -15*r**2 + 15400*r + 20566. Determine y(1028).
6
Let 